{"id":1793,"date":"2022-09-16T08:22:03","date_gmt":"2022-09-16T08:22:03","guid":{"rendered":"https:\/\/www.paluzaservis.sk\/?post_type=product&#038;p=1793"},"modified":"2022-09-20T06:56:18","modified_gmt":"2022-09-20T06:56:18","slug":"kos-120l-hnedy-isic-bio","status":"publish","type":"product","link":"https:\/\/www.paluzaservis.sk\/index.php\/produkt\/kos-120l-hnedy-isic-bio\/","title":{"rendered":"K\u00d4\u0160 120L HNED\u00dd ISIC BIO"},"content":{"rendered":"<p>Vyroben\u00e9 z vysoko kvalitn\u00e9ho PE-HD. Odoln\u00fd vo\u010di mechanick\u00e9mu po\u0161kodeniu, chemik\u00e1li\u00e1m, UV \u017eiareniu a premenliv\u00fdm poveternostn\u00fdm podmienkam.<\/p>\n<p>Prisp\u00f4soben\u00e9 na pou\u017e\u00edvanie komun\u00e1lnych n\u00e1kladn\u00fdch vozidiel. Vyroben\u00e9 pod\u013ea eur\u00f3pskej normy EN 840-1.<\/p>\n","protected":false},"excerpt":{"rendered":"<p><strong>Technick\u00e9 parametre :<\/strong><\/p>\n<p>D\u013a\u017eka: 55 cm<br \/>\n\u0160\u00edrka: 48 cm<br \/>\nV\u00fd\u0161ka: 93 cm<br \/>\nH\u013abka: 86 cm<br \/>\nHmotnos\u0165: 9,15 kg<br \/>\nZa\u0165a\u017eenie: max. 60 kg<\/p>\n","protected":false},"featured_media":1808,"comment_status":"open","ping_status":"closed","template":"","meta":{"_eb_attr":"","ngg_post_thumbnail":0,"_links_to":"","_links_to_target":""},"product_brand":[],"product_cat":[143,140],"product_tag":[],"class_list":{"0":"post-1793","1":"product","2":"type-product","3":"status-publish","4":"has-post-thumbnail","6":"product_cat-kose-bio","7":"product_cat-odpadove-hospodarstvo","9":"first","10":"instock","11":"taxable","12":"shipping-taxable","13":"purchasable","14":"product-type-simple"},"_links":{"self":[{"href":"https:\/\/www.paluzaservis.sk\/index.php\/wp-json\/wp\/v2\/product\/1793","targetHints":{"allow":["GET"]}}],"collection":[{"href":"https:\/\/www.paluzaservis.sk\/index.php\/wp-json\/wp\/v2\/product"}],"about":[{"href":"https:\/\/www.paluzaservis.sk\/index.php\/wp-json\/wp\/v2\/types\/product"}],"replies":[{"embeddable":true,"href":"https:\/\/www.paluzaservis.sk\/index.php\/wp-json\/wp\/v2\/comments?post=1793"}],"wp:featuredmedia":[{"embeddable":true,"href":"https:\/\/www.paluzaservis.sk\/index.php\/wp-json\/wp\/v2\/media\/1808"}],"wp:attachment":[{"href":"https:\/\/www.paluzaservis.sk\/index.php\/wp-json\/wp\/v2\/media?parent=1793"}],"wp:term":[{"taxonomy":"product_brand","embeddable":true,"href":"https:\/\/www.paluzaservis.sk\/index.php\/wp-json\/wp\/v2\/product_brand?post=1793"},{"taxonomy":"product_cat","embeddable":true,"href":"https:\/\/www.paluzaservis.sk\/index.php\/wp-json\/wp\/v2\/product_cat?post=1793"},{"taxonomy":"product_tag","embeddable":true,"href":"https:\/\/www.paluzaservis.sk\/index.php\/wp-json\/wp\/v2\/product_tag?post=1793"}],"curies":[{"name":"wp","href":"https:\/\/api.w.org\/{rel}","templated":true}]}}