{"id":2496,"date":"2023-08-06T09:52:50","date_gmt":"2023-08-06T09:52:50","guid":{"rendered":"https:\/\/www.paluzaservis.sk\/?post_type=product&#038;p=2496"},"modified":"2023-08-06T09:52:55","modified_gmt":"2023-08-06T09:52:55","slug":"202stoj-daj-prednost-v-jazde","status":"publish","type":"product","link":"https:\/\/www.paluzaservis.sk\/index.php\/produkt\/202stoj-daj-prednost-v-jazde\/","title":{"rendered":"202:Stoj, daj prednos\u0165 v jazde!"},"content":{"rendered":"<p>202:Stoj, daj prednos\u0165 v jazde!<br \/>\nZna\u010dka uklad\u00e1 vodi\u010dovi povinnos\u0165 zastavi\u0165 vozidlo a da\u0165 prednos\u0165 v jazde.<\/p>\n","protected":false},"excerpt":{"rendered":"<p>202:Stoj, daj prednos\u0165 v jazde!<br \/>\nZna\u010dka uklad\u00e1 vodi\u010dovi povinnos\u0165 zastavi\u0165 vozidlo a da\u0165 prednos\u0165 v jazde.<\/p>\n","protected":false},"featured_media":2527,"comment_status":"open","ping_status":"closed","template":"","meta":{"_eb_attr":"","ngg_post_thumbnail":0,"_links_to":"","_links_to_target":""},"product_brand":[],"product_cat":[196],"product_tag":[],"class_list":{"0":"post-2496","1":"product","2":"type-product","3":"status-publish","4":"has-post-thumbnail","6":"product_cat-regulacne-znacky","8":"first","9":"instock","10":"taxable","11":"shipping-taxable","12":"product-type-simple"},"_links":{"self":[{"href":"https:\/\/www.paluzaservis.sk\/index.php\/wp-json\/wp\/v2\/product\/2496","targetHints":{"allow":["GET"]}}],"collection":[{"href":"https:\/\/www.paluzaservis.sk\/index.php\/wp-json\/wp\/v2\/product"}],"about":[{"href":"https:\/\/www.paluzaservis.sk\/index.php\/wp-json\/wp\/v2\/types\/product"}],"replies":[{"embeddable":true,"href":"https:\/\/www.paluzaservis.sk\/index.php\/wp-json\/wp\/v2\/comments?post=2496"}],"wp:featuredmedia":[{"embeddable":true,"href":"https:\/\/www.paluzaservis.sk\/index.php\/wp-json\/wp\/v2\/media\/2527"}],"wp:attachment":[{"href":"https:\/\/www.paluzaservis.sk\/index.php\/wp-json\/wp\/v2\/media?parent=2496"}],"wp:term":[{"taxonomy":"product_brand","embeddable":true,"href":"https:\/\/www.paluzaservis.sk\/index.php\/wp-json\/wp\/v2\/product_brand?post=2496"},{"taxonomy":"product_cat","embeddable":true,"href":"https:\/\/www.paluzaservis.sk\/index.php\/wp-json\/wp\/v2\/product_cat?post=2496"},{"taxonomy":"product_tag","embeddable":true,"href":"https:\/\/www.paluzaservis.sk\/index.php\/wp-json\/wp\/v2\/product_tag?post=2496"}],"curies":[{"name":"wp","href":"https:\/\/api.w.org\/{rel}","templated":true}]}}