{"id":7248,"date":"2024-06-06T05:58:59","date_gmt":"2024-06-06T05:58:59","guid":{"rendered":"https:\/\/www.paluzaservis.sk\/?post_type=product&#038;p=7248"},"modified":"2024-06-06T05:58:59","modified_gmt":"2024-06-06T05:58:59","slug":"profesionalna-siet-na-branky-300x200-m-pp-475mm-80-100","status":"publish","type":"product","link":"https:\/\/www.paluzaservis.sk\/index.php\/produkt\/profesionalna-siet-na-branky-300x200-m-pp-475mm-80-100\/","title":{"rendered":"PROFESION\u00c1LNA SIE\u0164 NA BRANKY &#8211; 3,00X2,00 M, PP 4,75MM, 80\/100"},"content":{"rendered":"","protected":false},"excerpt":{"rendered":"<p>\u010c\u00edslo artiklu&nbsp;:&nbsp;<strong>111<\/strong><\/p>\n<table width=\"0\">\n<tbody>\n<tr>\n<td>Mern\u00e1 jednotka&nbsp;:<\/td>\n<td>p\u00e1r<\/td>\n<\/tr>\n<\/tbody>\n<\/table>\n<p>Vyroben\u00e9 z vysokopevnostn\u00e9ho polypropyl\u00e9nu s hr\u00fabkou v\u00e4zby 4,75 mm.<\/p>\n<p>Oko v tvare &#8222;MEDOVINY&#8220;.<\/p>\n<p>H\u013abka siete: hore 80 cm, dole 100 cm.<\/p>\n<p>Farba: \u017elt\u00e1.<\/p>\n<p><strong>V s\u00falade s normou IHF.<\/strong><\/p>\n","protected":false},"featured_media":7253,"comment_status":"open","ping_status":"closed","template":"","meta":{"_eb_attr":"","ngg_post_thumbnail":0,"_links_to":"","_links_to_target":""},"product_brand":[],"product_cat":[299,301],"product_tag":[],"class_list":{"0":"post-7248","1":"product","2":"type-product","3":"status-publish","4":"has-post-thumbnail","6":"product_cat-hadzana","7":"product_cat-siete-na-branky-hadzana","9":"first","10":"instock","11":"taxable","12":"shipping-taxable","13":"product-type-simple"},"_links":{"self":[{"href":"https:\/\/www.paluzaservis.sk\/index.php\/wp-json\/wp\/v2\/product\/7248","targetHints":{"allow":["GET"]}}],"collection":[{"href":"https:\/\/www.paluzaservis.sk\/index.php\/wp-json\/wp\/v2\/product"}],"about":[{"href":"https:\/\/www.paluzaservis.sk\/index.php\/wp-json\/wp\/v2\/types\/product"}],"replies":[{"embeddable":true,"href":"https:\/\/www.paluzaservis.sk\/index.php\/wp-json\/wp\/v2\/comments?post=7248"}],"wp:featuredmedia":[{"embeddable":true,"href":"https:\/\/www.paluzaservis.sk\/index.php\/wp-json\/wp\/v2\/media\/7253"}],"wp:attachment":[{"href":"https:\/\/www.paluzaservis.sk\/index.php\/wp-json\/wp\/v2\/media?parent=7248"}],"wp:term":[{"taxonomy":"product_brand","embeddable":true,"href":"https:\/\/www.paluzaservis.sk\/index.php\/wp-json\/wp\/v2\/product_brand?post=7248"},{"taxonomy":"product_cat","embeddable":true,"href":"https:\/\/www.paluzaservis.sk\/index.php\/wp-json\/wp\/v2\/product_cat?post=7248"},{"taxonomy":"product_tag","embeddable":true,"href":"https:\/\/www.paluzaservis.sk\/index.php\/wp-json\/wp\/v2\/product_tag?post=7248"}],"curies":[{"name":"wp","href":"https:\/\/api.w.org\/{rel}","templated":true}]}}