{"id":7384,"date":"2024-06-06T09:51:45","date_gmt":"2024-06-06T09:51:45","guid":{"rendered":"https:\/\/www.paluzaservis.sk\/?post_type=product&#038;p=7384"},"modified":"2024-06-06T09:51:45","modified_gmt":"2024-06-06T09:51:45","slug":"standardna-tenisova-siet","status":"publish","type":"product","link":"https:\/\/www.paluzaservis.sk\/index.php\/produkt\/standardna-tenisova-siet\/","title":{"rendered":"\u0160TANDARDN\u00c1 TENISOV\u00c1 SIE\u0164"},"content":{"rendered":"","protected":false},"excerpt":{"rendered":"<p>\u010c\u00edslo artiklu&nbsp;:&nbsp;<strong>802\/D<\/strong><\/p>\n<table width=\"0\">\n<tbody>\n<tr>\n<td>Mern\u00e1 jednotka&nbsp;:<\/td>\n<td>ks<\/td>\n<\/tr>\n<\/tbody>\n<\/table>\n<p>Rozmery: 12,70 m x 1,07 m.<\/p>\n<p>Vyroben\u00e9 z polyetyl\u00e9novej sie\u0165oviny s hr\u00fabkou v\u00e4zby 3 mm.<\/p>\n<p>D\u013a\u017eka vedenia 13,40 m.<\/p>\n<p>Horn\u00fd okraj sie\u0165oviny je zakon\u010den\u00fd polyesterovou textilnou p\u00e1skou.<\/p>\n<p>Sie\u0165 s poplastovan\u00fdm oce\u013eov\u00fdm lankom, d\u013a\u017eka 13,20 m.<\/p>\n<p>\u010cierna farba.<\/p>\n","protected":false},"featured_media":7386,"comment_status":"open","ping_status":"closed","template":"","meta":{"_eb_attr":"","ngg_post_thumbnail":0,"_links_to":"","_links_to_target":""},"product_brand":[],"product_cat":[277,278],"product_tag":[],"class_list":{"0":"post-7384","1":"product","2":"type-product","3":"status-publish","4":"has-post-thumbnail","6":"product_cat-tenis","7":"product_cat-tenisove-siete","9":"first","10":"instock","11":"taxable","12":"shipping-taxable","13":"product-type-simple"},"_links":{"self":[{"href":"https:\/\/www.paluzaservis.sk\/index.php\/wp-json\/wp\/v2\/product\/7384","targetHints":{"allow":["GET"]}}],"collection":[{"href":"https:\/\/www.paluzaservis.sk\/index.php\/wp-json\/wp\/v2\/product"}],"about":[{"href":"https:\/\/www.paluzaservis.sk\/index.php\/wp-json\/wp\/v2\/types\/product"}],"replies":[{"embeddable":true,"href":"https:\/\/www.paluzaservis.sk\/index.php\/wp-json\/wp\/v2\/comments?post=7384"}],"wp:featuredmedia":[{"embeddable":true,"href":"https:\/\/www.paluzaservis.sk\/index.php\/wp-json\/wp\/v2\/media\/7386"}],"wp:attachment":[{"href":"https:\/\/www.paluzaservis.sk\/index.php\/wp-json\/wp\/v2\/media?parent=7384"}],"wp:term":[{"taxonomy":"product_brand","embeddable":true,"href":"https:\/\/www.paluzaservis.sk\/index.php\/wp-json\/wp\/v2\/product_brand?post=7384"},{"taxonomy":"product_cat","embeddable":true,"href":"https:\/\/www.paluzaservis.sk\/index.php\/wp-json\/wp\/v2\/product_cat?post=7384"},{"taxonomy":"product_tag","embeddable":true,"href":"https:\/\/www.paluzaservis.sk\/index.php\/wp-json\/wp\/v2\/product_tag?post=7384"}],"curies":[{"name":"wp","href":"https:\/\/api.w.org\/{rel}","templated":true}]}}