{"id":8852,"date":"2024-08-20T13:38:01","date_gmt":"2024-08-20T13:38:01","guid":{"rendered":"https:\/\/www.paluzaservis.sk\/?post_type=product&#038;p=8852"},"modified":"2024-09-24T07:16:03","modified_gmt":"2024-09-24T07:16:03","slug":"detska-stolicka-kubus-2","status":"publish","type":"product","link":"https:\/\/www.paluzaservis.sk\/index.php\/produkt\/detska-stolicka-kubus-2\/","title":{"rendered":"Detsk\u00e1 stoli\u010dka KUBUS 2"},"content":{"rendered":"","protected":false},"excerpt":{"rendered":"<p><b>Detsk\u00e9 stoli\u010dky KUBU\u015a &#8211; bezpe\u010dnos\u0165 a pohodlie pre va\u0161ich \u017eiakov!<\/b><\/p>\n<p>\u0160kolsk\u00e1 stoli\u010dka KUBU\u015a je najob\u013e\u00fabenej\u0161\u00ed model dostupn\u00fd v \u0161tyroch ve\u013ekostiach: 0, 1, 2 a 3, \u010do umo\u017e\u0148uje zak\u00fapi\u0165 jeden typ sortimentu do izieb ur\u010den\u00fdch pre deti r\u00f4zneho veku. \u0160peci\u00e1lne vyvinut\u00e1 r\u00e1mov\u00e1 kon\u0161trukcia m\u00e1 dodato\u010dn\u00e9 v\u00fdstuhy medzi nohami, zais\u0165uj\u00face v\u00e4\u010d\u0161iu stabilitu a bezpe\u010dnos\u0165. Sed\u00e1k a operadlo s\u00fa vyroben\u00e9 z bukovej preglejky, \u010do umo\u017e\u0148uje jednoduch\u00e9 \u010distenie a udr\u017eiavanie \u010distoty stoli\u010dky.&nbsp;<\/p>\n<p>&nbsp;<\/p>\n<p><strong>Najd\u00f4le\u017eitej\u0161ie v\u00fdhody:<\/strong><\/p>\n<ul>\n<li>Sed\u00e1k a operadlo vyroben\u00e9 z 9 mm hrubej preglejky<\/li>\n<li>Dodato\u010dn\u00e9 vystu\u017eenie medzi nohami zais\u0165uje stabilitu a bezpe\u010dnos\u0165 pri pou\u017e\u00edvan\u00ed<\/li>\n<li>Dostupn\u00e9 v 4 univerz\u00e1lnych farb\u00e1ch<\/li>\n<li><strong>Model je ihne\u010f dostupn\u00fd na na\u0161om sklade<\/strong><\/li>\n<\/ul>\n<p><strong>Stoj\u00ed za to vedie\u0165\u2026.&nbsp;<\/strong><\/p>\n<p>Na\u0161e stoly a stoli\u010dky maj\u00fa zaoblen\u00e9 rohy, v\u010faka \u010domu s\u00fa pre deti bezpe\u010dn\u00e9. Okrem toho sp\u013a\u0148aj\u00fa pr\u00edsne normy:&nbsp;<\/p>\n<p><strong>PN-EN 1729-1:2016, PN-EN 1729-2+A1:2016, PN-F-06009:2001<\/strong><\/p>\n<p>Technick\u00e9 \u0161pecifik\u00e1cie :<\/p>\n<div class=\"data-container\"><span>V\u00fd\u0161ka&nbsp; &nbsp; &nbsp; &nbsp;<\/span><span>30 cm<\/span><\/div>\n<div class=\"data-container\"><span>V\u00e1ha&nbsp; &nbsp; &nbsp; &nbsp; <\/span><span>1,80 kg<\/span><\/div>\n<div class=\"data-container\"><span>Sedadlo&nbsp; &nbsp;<\/span><span>28 x 28 cm<\/span><\/div>\n<div>&nbsp;<\/div>\n<div>\n<div class=\"container title\"><span>TABU\u013dKA&nbsp;<\/span><span>VE\u013dKOSTI\u200b<\/span><\/div>\n<div class=\"container\">\n<table class=\"table-size-container\">\n<tbody>\n<tr>\n<td class=\"left-title\"><span>Ve\u013ekos\u0165<\/span><\/td>\n<td><span>0<\/span><\/td>\n<td><span>1<\/span><\/td>\n<td><span>2<\/span><\/td>\n<td><span>3<\/span><\/td>\n<td><span>4<\/span><\/td>\n<td><span>5<\/span><\/td>\n<td><span>6<\/span><\/td>\n<\/tr>\n<tr>\n<td><span>V\u00fd\u0161ka \u0161tudenta v mm<\/span><\/td>\n<td><span>800-950<\/span><\/td>\n<td><span>930-1160<\/span><\/td>\n<td><span>1080-1210<\/span><\/td>\n<td><span>1190-1420<\/span><\/td>\n<td><span>1330-1590<\/span><\/td>\n<td><span>1460-1765<\/span><\/td>\n<td><span>1590-1880<\/span><\/td>\n<\/tr>\n<tr>\n<td><span>V\u00fd\u0161ka k hornej ploche sedadla +\/- 10 mm<\/span><\/td>\n<td><span>210<\/span><\/td>\n<td><span>260<\/span><\/td>\n<td><span>310<\/span><\/td>\n<td><span>350<\/span><\/td>\n<td><span>380<\/span><\/td>\n<td><span>430<\/span><\/td>\n<td><span>460<\/span><\/td>\n<\/tr>\n<tr>\n<td><span>V\u00fd\u0161ka k hornej ploche dosky stola +\/- 10 mm<\/span><\/td>\n<td><span>400<\/span><\/td>\n<td><span>460<\/span><\/td>\n<td><span>530<\/span><\/td>\n<td><span>590<\/span><\/td>\n<td><span>640<\/span><\/td>\n<td><span>710<\/span><\/td>\n<td><span>760<\/span><\/td>\n<\/tr>\n<\/tbody>\n<\/table>\n<\/div>\n<\/div>\n","protected":false},"featured_media":9000,"comment_status":"open","ping_status":"closed","template":"","meta":{"_eb_attr":"","ngg_post_thumbnail":0,"_links_to":"","_links_to_target":""},"product_brand":[],"product_cat":[368,345,350],"product_tag":[],"class_list":{"0":"post-8852","1":"product","2":"type-product","3":"status-publish","4":"has-post-thumbnail","6":"product_cat-klasicke-stolicky-do-skolky","7":"product_cat-skola","8":"product_cat-stolicky-do-skolky","10":"first","11":"instock","12":"taxable","13":"shipping-taxable","14":"purchasable","15":"product-type-variable"},"_links":{"self":[{"href":"https:\/\/www.paluzaservis.sk\/index.php\/wp-json\/wp\/v2\/product\/8852","targetHints":{"allow":["GET"]}}],"collection":[{"href":"https:\/\/www.paluzaservis.sk\/index.php\/wp-json\/wp\/v2\/product"}],"about":[{"href":"https:\/\/www.paluzaservis.sk\/index.php\/wp-json\/wp\/v2\/types\/product"}],"replies":[{"embeddable":true,"href":"https:\/\/www.paluzaservis.sk\/index.php\/wp-json\/wp\/v2\/comments?post=8852"}],"wp:featuredmedia":[{"embeddable":true,"href":"https:\/\/www.paluzaservis.sk\/index.php\/wp-json\/wp\/v2\/media\/9000"}],"wp:attachment":[{"href":"https:\/\/www.paluzaservis.sk\/index.php\/wp-json\/wp\/v2\/media?parent=8852"}],"wp:term":[{"taxonomy":"product_brand","embeddable":true,"href":"https:\/\/www.paluzaservis.sk\/index.php\/wp-json\/wp\/v2\/product_brand?post=8852"},{"taxonomy":"product_cat","embeddable":true,"href":"https:\/\/www.paluzaservis.sk\/index.php\/wp-json\/wp\/v2\/product_cat?post=8852"},{"taxonomy":"product_tag","embeddable":true,"href":"https:\/\/www.paluzaservis.sk\/index.php\/wp-json\/wp\/v2\/product_tag?post=8852"}],"curies":[{"name":"wp","href":"https:\/\/api.w.org\/{rel}","templated":true}]}}